{"id":892,"date":"2019-06-07T22:01:00","date_gmt":"2019-06-07T20:01:00","guid":{"rendered":"https:\/\/www.pack-verde.com\/?page_id=892"},"modified":"2024-04-08T10:55:52","modified_gmt":"2024-04-08T08:55:52","slug":"impressum","status":"publish","type":"page","link":"https:\/\/www.pack-verde.com\/blog\/de\/impressum\/","title":{"rendered":"Impressum"},"content":{"rendered":"<div class=\"wpb-content-wrapper\"><p>[vc_row][vc_column][vc_column_text]<\/p>\n<h2 class=\"wp-block-heading\">Offenlegung gem\u00e4\u00df ECG \u2013 packVerde<\/h2>\n\n\n<h3 class=\"wp-block-heading\">Anschrift<\/h3>\n\n<p><strong>packVerde <\/strong><\/p>\n\n<p>ein Gesch\u00e4ftsbereich der <strong>MEDEWO GmbH<br \/><\/strong>Vertretungsberechtigt: Gesch\u00e4ftsf\u00fchrer Michael Villiger<\/p>\n\n<p>Endorferstra\u00dfe 5<br \/>86167 Augsburg<br \/>Deutschland<\/p>\n\n\n<h3 class=\"wp-block-heading\">Kontakt<\/h3>\n\n<p>E-Mail: <a href=\"mailto:office@medewo.de\">office@pack-verde.com<\/a><br \/>Internet: <a href=\"https:\/\/www.pack-verde.com\">www.pack-verde.com<\/a><\/p>\n\n\n<h3 class=\"wp-block-heading\">Rechtliches<\/h3>\n\n<p>USt-IdNr.: DE 812 984 579<\/p>\n\n<p>Registergericht: Amtsgericht Augsburg<br \/>Handelsregister Registernummer: 27086 \u2013 Handelsregister<\/p>\n\n<p>Inhaltlich Verantwortlicher gem\u00e4\u00df \u00a7 55 Rundfunkstaatsvertrag:<br \/>Michael Villiger, Endorferstra\u00dfe 5, 86167 Augsburg<\/p>\n\n<p>Infos, Datenausk\u00fcnfte und Beschwerden richten Sie bitte an: <a href=\"mailto:office@medewo.de\">office@pack-verde.com<\/a><\/p>\n\n<p>Die auf dieser Webseite bereitgestellten Informationen werden durch<br \/>MEDEWO sorgf\u00e4ltig gepr\u00fcft und regelm\u00e4\u00dfig aktualisiert. Dennoch kann<br \/>MEDEWO keine Haftung oder Garantie f\u00fcr die Aktualit\u00e4t, Richtigkeit und<br \/>Vollst\u00e4ndigkeit der zur Verf\u00fcgung gestellten Informationen und Software<br \/>\u00fcbernehmen. Gleiches gilt auch f\u00fcr den Inhalt der Websites, auf die<br \/>mittels Hyperlink verwiesen wird. Die MEDEWO ist f\u00fcr den Inhalt der<br \/>Websites, die aufgrund einer solchen Verbindung erreicht werden, nicht<br \/>verantwortlich. Die Vervielf\u00e4ltigung von Informationen und Daten,<br \/>insbesondere die Verwendung von Bilddaten, Texten und Textteilen bedarf<br \/>der vorherigen Zustimmung der MEDEWO<\/p>\n\n<p>&nbsp;<\/p>\n<p>[\/vc_column_text][\/vc_column][\/vc_row]<\/p>\n<\/div>","protected":false},"excerpt":{"rendered":"<p>[vc_row][vc_column][vc_column_text] Offenlegung gem\u00e4\u00df ECG \u2013 packVerde Anschrift packVerde ein Gesch\u00e4ftsbereich der MEDEWO GmbHVertretungsberechtigt: Gesch\u00e4ftsf\u00fchrer Michael Villiger Endorferstra\u00dfe 586167 AugsburgDeutschland Kontakt E-Mail: office@pack-verde.comInternet: www.pack-verde.com Rechtliches USt-IdNr.: DE 812 984 579 Registergericht: Amtsgericht AugsburgHandelsregister Registernummer: 27086 \u2013 Handelsregister Inhaltlich Verantwortlicher gem\u00e4\u00df \u00a7 55 Rundfunkstaatsvertrag:Michael Villiger, Endorferstra\u00dfe 5, 86167 Augsburg Infos, Datenausk\u00fcnfte und Beschwerden richten Sie bitte an:&hellip;<\/p>\n","protected":false},"author":1,"featured_media":0,"parent":0,"menu_order":0,"comment_status":"closed","ping_status":"closed","template":"","meta":{"footnotes":""},"class_list":["post-892","page","type-page","status-publish","hentry","description-off"],"yoast_head":"<!-- This site is optimized with the Yoast SEO plugin v27.4 - https:\/\/yoast.com\/product\/yoast-seo-wordpress\/ -->\n<title>Impressum - packVerde<\/title>\n<meta name=\"robots\" content=\"index, follow, max-snippet:-1, max-image-preview:large, max-video-preview:-1\" \/>\n<link rel=\"canonical\" href=\"https:\/\/www.pack-verde.com\/blog\/de\/impressum\/\" \/>\n<meta property=\"og:locale\" content=\"de_DE\" \/>\n<meta property=\"og:type\" content=\"article\" \/>\n<meta property=\"og:title\" content=\"Impressum - packVerde\" \/>\n<meta property=\"og:description\" content=\"[vc_row][vc_column][vc_column_text] Offenlegung gem\u00e4\u00df ECG \u2013 packVerde Anschrift packVerde ein Gesch\u00e4ftsbereich der MEDEWO GmbHVertretungsberechtigt: Gesch\u00e4ftsf\u00fchrer Michael Villiger Endorferstra\u00dfe 586167 AugsburgDeutschland Kontakt E-Mail: office@pack-verde.comInternet: www.pack-verde.com Rechtliches USt-IdNr.: DE 812 984 579 Registergericht: Amtsgericht AugsburgHandelsregister Registernummer: 27086 \u2013 Handelsregister Inhaltlich Verantwortlicher gem\u00e4\u00df \u00a7 55 Rundfunkstaatsvertrag:Michael Villiger, Endorferstra\u00dfe 5, 86167 Augsburg Infos, Datenausk\u00fcnfte und Beschwerden richten Sie bitte an:&hellip;\" \/>\n<meta property=\"og:url\" content=\"https:\/\/www.pack-verde.com\/blog\/de\/impressum\/\" \/>\n<meta property=\"og:site_name\" content=\"packVerde\" \/>\n<meta property=\"article:publisher\" content=\"https:\/\/www.facebook.com\/packVerdeVerpackungen\" \/>\n<meta property=\"article:modified_time\" content=\"2024-04-08T08:55:52+00:00\" \/>\n<meta name=\"twitter:card\" content=\"summary_large_image\" \/>\n<meta name=\"twitter:label1\" content=\"Gesch\u00e4tzte Lesezeit\" \/>\n\t<meta name=\"twitter:data1\" content=\"1\u00a0Minute\" \/>\n<script type=\"application\/ld+json\" class=\"yoast-schema-graph\">{\"@context\":\"https:\\\/\\\/schema.org\",\"@graph\":[{\"@type\":\"WebPage\",\"@id\":\"https:\\\/\\\/www.pack-verde.com\\\/blog\\\/de\\\/impressum\\\/\",\"url\":\"https:\\\/\\\/www.pack-verde.com\\\/blog\\\/de\\\/impressum\\\/\",\"name\":\"Impressum - packVerde\",\"isPartOf\":{\"@id\":\"https:\\\/\\\/www.pack-verde.com\\\/blog\\\/ch-de\\\/#website\"},\"datePublished\":\"2019-06-07T20:01:00+00:00\",\"dateModified\":\"2024-04-08T08:55:52+00:00\",\"breadcrumb\":{\"@id\":\"https:\\\/\\\/www.pack-verde.com\\\/blog\\\/de\\\/impressum\\\/#breadcrumb\"},\"inLanguage\":\"de\",\"potentialAction\":[{\"@type\":\"ReadAction\",\"target\":[\"https:\\\/\\\/www.pack-verde.com\\\/blog\\\/de\\\/impressum\\\/\"]}]},{\"@type\":\"BreadcrumbList\",\"@id\":\"https:\\\/\\\/www.pack-verde.com\\\/blog\\\/de\\\/impressum\\\/#breadcrumb\",\"itemListElement\":[{\"@type\":\"ListItem\",\"position\":1,\"name\":\"Startseite\",\"item\":\"https:\\\/\\\/www.pack-verde.com\\\/blog\\\/de\\\/\"},{\"@type\":\"ListItem\",\"position\":2,\"name\":\"Impressum\"}]},{\"@type\":\"WebSite\",\"@id\":\"https:\\\/\\\/www.pack-verde.com\\\/blog\\\/ch-de\\\/#website\",\"url\":\"https:\\\/\\\/www.pack-verde.com\\\/blog\\\/ch-de\\\/\",\"name\":\"packVerde\",\"description\":\"achtsam verpackt\",\"publisher\":{\"@id\":\"https:\\\/\\\/www.pack-verde.com\\\/blog\\\/ch-de\\\/#organization\"},\"potentialAction\":[{\"@type\":\"SearchAction\",\"target\":{\"@type\":\"EntryPoint\",\"urlTemplate\":\"https:\\\/\\\/www.pack-verde.com\\\/blog\\\/ch-de\\\/?s={search_term_string}\"},\"query-input\":{\"@type\":\"PropertyValueSpecification\",\"valueRequired\":true,\"valueName\":\"search_term_string\"}}],\"inLanguage\":\"de\"},{\"@type\":\"Organization\",\"@id\":\"https:\\\/\\\/www.pack-verde.com\\\/blog\\\/ch-de\\\/#organization\",\"name\":\"packVerde Blog\",\"url\":\"https:\\\/\\\/www.pack-verde.com\\\/blog\\\/ch-de\\\/\",\"logo\":{\"@type\":\"ImageObject\",\"inLanguage\":\"de\",\"@id\":\"https:\\\/\\\/www.pack-verde.com\\\/blog\\\/ch-de\\\/#\\\/schema\\\/logo\\\/image\\\/\",\"url\":\"https:\\\/\\\/www.pack-verde.com\\\/blog\\\/wp-content\\\/uploads\\\/2021\\\/03\\\/packVerde-logo-150w.png\",\"contentUrl\":\"https:\\\/\\\/www.pack-verde.com\\\/blog\\\/wp-content\\\/uploads\\\/2021\\\/03\\\/packVerde-logo-150w.png\",\"width\":150,\"height\":90,\"caption\":\"packVerde Blog\"},\"image\":{\"@id\":\"https:\\\/\\\/www.pack-verde.com\\\/blog\\\/ch-de\\\/#\\\/schema\\\/logo\\\/image\\\/\"},\"sameAs\":[\"https:\\\/\\\/www.facebook.com\\\/packVerdeVerpackungen\",\"https:\\\/\\\/www.linkedin.com\\\/company\\\/packverde\\\/\"]}]}<\/script>\n<!-- \/ Yoast SEO plugin. -->","yoast_head_json":{"title":"Impressum - packVerde","robots":{"index":"index","follow":"follow","max-snippet":"max-snippet:-1","max-image-preview":"max-image-preview:large","max-video-preview":"max-video-preview:-1"},"canonical":"https:\/\/www.pack-verde.com\/blog\/de\/impressum\/","og_locale":"de_DE","og_type":"article","og_title":"Impressum - packVerde","og_description":"[vc_row][vc_column][vc_column_text] Offenlegung gem\u00e4\u00df ECG \u2013 packVerde Anschrift packVerde ein Gesch\u00e4ftsbereich der MEDEWO GmbHVertretungsberechtigt: Gesch\u00e4ftsf\u00fchrer Michael Villiger Endorferstra\u00dfe 586167 AugsburgDeutschland Kontakt E-Mail: office@pack-verde.comInternet: www.pack-verde.com Rechtliches USt-IdNr.: DE 812 984 579 Registergericht: Amtsgericht AugsburgHandelsregister Registernummer: 27086 \u2013 Handelsregister Inhaltlich Verantwortlicher gem\u00e4\u00df \u00a7 55 Rundfunkstaatsvertrag:Michael Villiger, Endorferstra\u00dfe 5, 86167 Augsburg Infos, Datenausk\u00fcnfte und Beschwerden richten Sie bitte an:&hellip;","og_url":"https:\/\/www.pack-verde.com\/blog\/de\/impressum\/","og_site_name":"packVerde","article_publisher":"https:\/\/www.facebook.com\/packVerdeVerpackungen","article_modified_time":"2024-04-08T08:55:52+00:00","twitter_card":"summary_large_image","twitter_misc":{"Gesch\u00e4tzte Lesezeit":"1\u00a0Minute"},"schema":{"@context":"https:\/\/schema.org","@graph":[{"@type":"WebPage","@id":"https:\/\/www.pack-verde.com\/blog\/de\/impressum\/","url":"https:\/\/www.pack-verde.com\/blog\/de\/impressum\/","name":"Impressum - packVerde","isPartOf":{"@id":"https:\/\/www.pack-verde.com\/blog\/ch-de\/#website"},"datePublished":"2019-06-07T20:01:00+00:00","dateModified":"2024-04-08T08:55:52+00:00","breadcrumb":{"@id":"https:\/\/www.pack-verde.com\/blog\/de\/impressum\/#breadcrumb"},"inLanguage":"de","potentialAction":[{"@type":"ReadAction","target":["https:\/\/www.pack-verde.com\/blog\/de\/impressum\/"]}]},{"@type":"BreadcrumbList","@id":"https:\/\/www.pack-verde.com\/blog\/de\/impressum\/#breadcrumb","itemListElement":[{"@type":"ListItem","position":1,"name":"Startseite","item":"https:\/\/www.pack-verde.com\/blog\/de\/"},{"@type":"ListItem","position":2,"name":"Impressum"}]},{"@type":"WebSite","@id":"https:\/\/www.pack-verde.com\/blog\/ch-de\/#website","url":"https:\/\/www.pack-verde.com\/blog\/ch-de\/","name":"packVerde","description":"achtsam verpackt","publisher":{"@id":"https:\/\/www.pack-verde.com\/blog\/ch-de\/#organization"},"potentialAction":[{"@type":"SearchAction","target":{"@type":"EntryPoint","urlTemplate":"https:\/\/www.pack-verde.com\/blog\/ch-de\/?s={search_term_string}"},"query-input":{"@type":"PropertyValueSpecification","valueRequired":true,"valueName":"search_term_string"}}],"inLanguage":"de"},{"@type":"Organization","@id":"https:\/\/www.pack-verde.com\/blog\/ch-de\/#organization","name":"packVerde Blog","url":"https:\/\/www.pack-verde.com\/blog\/ch-de\/","logo":{"@type":"ImageObject","inLanguage":"de","@id":"https:\/\/www.pack-verde.com\/blog\/ch-de\/#\/schema\/logo\/image\/","url":"https:\/\/www.pack-verde.com\/blog\/wp-content\/uploads\/2021\/03\/packVerde-logo-150w.png","contentUrl":"https:\/\/www.pack-verde.com\/blog\/wp-content\/uploads\/2021\/03\/packVerde-logo-150w.png","width":150,"height":90,"caption":"packVerde Blog"},"image":{"@id":"https:\/\/www.pack-verde.com\/blog\/ch-de\/#\/schema\/logo\/image\/"},"sameAs":["https:\/\/www.facebook.com\/packVerdeVerpackungen","https:\/\/www.linkedin.com\/company\/packverde\/"]}]}},"_links":{"self":[{"href":"https:\/\/www.pack-verde.com\/blog\/de\/wp-json\/wp\/v2\/pages\/892","targetHints":{"allow":["GET"]}}],"collection":[{"href":"https:\/\/www.pack-verde.com\/blog\/de\/wp-json\/wp\/v2\/pages"}],"about":[{"href":"https:\/\/www.pack-verde.com\/blog\/de\/wp-json\/wp\/v2\/types\/page"}],"author":[{"embeddable":true,"href":"https:\/\/www.pack-verde.com\/blog\/de\/wp-json\/wp\/v2\/users\/1"}],"replies":[{"embeddable":true,"href":"https:\/\/www.pack-verde.com\/blog\/de\/wp-json\/wp\/v2\/comments?post=892"}],"version-history":[{"count":4,"href":"https:\/\/www.pack-verde.com\/blog\/de\/wp-json\/wp\/v2\/pages\/892\/revisions"}],"predecessor-version":[{"id":18988,"href":"https:\/\/www.pack-verde.com\/blog\/de\/wp-json\/wp\/v2\/pages\/892\/revisions\/18988"}],"wp:attachment":[{"href":"https:\/\/www.pack-verde.com\/blog\/de\/wp-json\/wp\/v2\/media?parent=892"}],"curies":[{"name":"wp","href":"https:\/\/api.w.org\/{rel}","templated":true}]}}

<div class="wpb-content-wrapper"><p>[vc_row][vc_column][vc_column_text]</p>
<h2 class="wp-block-heading">Offenlegung gemäß ECG – packVerde</h2>


<h3 class="wp-block-heading">Anschrift</h3>

<p><strong>packVerde </strong></p>

<p>ein Geschäftsbereich der <strong>MEDEWO GmbH<br /></strong>Vertretungsberechtigt: Geschäftsführer Michael Villiger</p>

<p>Endorferstraße 5<br />86167 Augsburg<br />Deutschland</p>


<h3 class="wp-block-heading">Kontakt</h3>

<p>E-Mail: <a href="mailto:office@medewo.de">office@pack-verde.com</a><br />Internet: <a href="https://www.pack-verde.com">www.pack-verde.com</a></p>


<h3 class="wp-block-heading">Rechtliches</h3>

<p>USt-IdNr.: DE 812 984 579</p>

<p>Registergericht: Amtsgericht Augsburg<br />Handelsregister Registernummer: 27086 – Handelsregister</p>

<p>Inhaltlich Verantwortlicher gemäß § 55 Rundfunkstaatsvertrag:<br />Michael Villiger, Endorferstraße 5, 86167 Augsburg</p>

<p>Infos, Datenauskünfte und Beschwerden richten Sie bitte an: <a href="mailto:office@medewo.de">office@pack-verde.com</a></p>

<p>Die auf dieser Webseite bereitgestellten Informationen werden durch<br />MEDEWO sorgfältig geprüft und regelmäßig aktualisiert. Dennoch kann<br />MEDEWO keine Haftung oder Garantie für die Aktualität, Richtigkeit und<br />Vollständigkeit der zur Verfügung gestellten Informationen und Software<br />übernehmen. Gleiches gilt auch für den Inhalt der Websites, auf die<br />mittels Hyperlink verwiesen wird. Die MEDEWO ist für den Inhalt der<br />Websites, die aufgrund einer solchen Verbindung erreicht werden, nicht<br />verantwortlich. Die Vervielfältigung von Informationen und Daten,<br />insbesondere die Verwendung von Bilddaten, Texten und Textteilen bedarf<br />der vorherigen Zustimmung der MEDEWO</p>

<p>&nbsp;</p>
<p>[/vc_column_text][/vc_column][/vc_row]</p>
</div>

<p>[vc_row][vc_column][vc_column_text] Offenlegung gemäß ECG – packVerde Anschrift packVerde ein Geschäftsbereich der MEDEWO GmbHVertretungsberechtigt: Geschäftsführer Michael Villiger Endorferstraße 586167 AugsburgDeutschland Kontakt E-Mail: office@pack-verde.comInternet: www.pack-verde.com Rechtliches USt-IdNr.: DE 812 984 579 Registergericht: Amtsgericht AugsburgHandelsregister Registernummer: 27086 – Handelsregister Inhaltlich Verantwortlicher gemäß § 55 Rundfunkstaatsvertrag:Michael Villiger, Endorferstraße 5, 86167 Augsburg Infos, Datenauskünfte und Beschwerden richten Sie bitte an:&hellip;</p>

<!-- This site is optimized with the Yoast SEO plugin v27.4 - https://yoast.com/product/yoast-seo-wordpress/ -->
<title>Impressum - packVerde</title>
<meta name="robots" content="index, follow, max-snippet:-1, max-image-preview:large, max-video-preview:-1" />
<link rel="canonical" href="https://www.pack-verde.com/blog/de/impressum/" />
<meta property="og:locale" content="de_DE" />
<meta property="og:type" content="article" />
<meta property="og:title" content="Impressum - packVerde" />
<meta property="og:description" content="[vc_row][vc_column][vc_column_text] Offenlegung gemäß ECG – packVerde Anschrift packVerde ein Geschäftsbereich der MEDEWO GmbHVertretungsberechtigt: Geschäftsführer Michael Villiger Endorferstraße 586167 AugsburgDeutschland Kontakt E-Mail: office@pack-verde.comInternet: www.pack-verde.com Rechtliches USt-IdNr.: DE 812 984 579 Registergericht: Amtsgericht AugsburgHandelsregister Registernummer: 27086 – Handelsregister Inhaltlich Verantwortlicher gemäß § 55 Rundfunkstaatsvertrag:Michael Villiger, Endorferstraße 5, 86167 Augsburg Infos, Datenauskünfte und Beschwerden richten Sie bitte an:&hellip;" />
<meta property="og:url" content="https://www.pack-verde.com/blog/de/impressum/" />
<meta property="og:site_name" content="packVerde" />
<meta property="article:publisher" content="https://www.facebook.com/packVerdeVerpackungen" />
<meta property="article:modified_time" content="2024-04-08T08:55:52+00:00" />
<meta name="twitter:card" content="summary_large_image" />
<meta name="twitter:label1" content="Geschätzte Lesezeit" />
	<meta name="twitter:data1" content="1 Minute" />
<script type="application/ld+json" class="yoast-schema-graph">{"@context":"https:\/\/schema.org","@graph":[{"@type":"WebPage","@id":"https:\/\/www.pack-verde.com\/blog\/de\/impressum\/","url":"https:\/\/www.pack-verde.com\/blog\/de\/impressum\/","name":"Impressum - packVerde","isPartOf":{"@id":"https:\/\/www.pack-verde.com\/blog\/ch-de\/#website"},"datePublished":"2019-06-07T20:01:00+00:00","dateModified":"2024-04-08T08:55:52+00:00","breadcrumb":{"@id":"https:\/\/www.pack-verde.com\/blog\/de\/impressum\/#breadcrumb"},"inLanguage":"de","potentialAction":[{"@type":"ReadAction","target":["https:\/\/www.pack-verde.com\/blog\/de\/impressum\/"]}]},{"@type":"BreadcrumbList","@id":"https:\/\/www.pack-verde.com\/blog\/de\/impressum\/#breadcrumb","itemListElement":[{"@type":"ListItem","position":1,"name":"Startseite","item":"https:\/\/www.pack-verde.com\/blog\/de\/"},{"@type":"ListItem","position":2,"name":"Impressum"}]},{"@type":"WebSite","@id":"https:\/\/www.pack-verde.com\/blog\/ch-de\/#website","url":"https:\/\/www.pack-verde.com\/blog\/ch-de\/","name":"packVerde","description":"achtsam verpackt","publisher":{"@id":"https:\/\/www.pack-verde.com\/blog\/ch-de\/#organization"},"potentialAction":[{"@type":"SearchAction","target":{"@type":"EntryPoint","urlTemplate":"https:\/\/www.pack-verde.com\/blog\/ch-de\/?s={search_term_string}"},"query-input":{"@type":"PropertyValueSpecification","valueRequired":true,"valueName":"search_term_string"}}],"inLanguage":"de"},{"@type":"Organization","@id":"https:\/\/www.pack-verde.com\/blog\/ch-de\/#organization","name":"packVerde Blog","url":"https:\/\/www.pack-verde.com\/blog\/ch-de\/","logo":{"@type":"ImageObject","inLanguage":"de","@id":"https:\/\/www.pack-verde.com\/blog\/ch-de\/#\/schema\/logo\/image\/","url":"https:\/\/www.pack-verde.com\/blog\/wp-content\/uploads\/2021\/03\/packVerde-logo-150w.png","contentUrl":"https:\/\/www.pack-verde.com\/blog\/wp-content\/uploads\/2021\/03\/packVerde-logo-150w.png","width":150,"height":90,"caption":"packVerde Blog"},"image":{"@id":"https:\/\/www.pack-verde.com\/blog\/ch-de\/#\/schema\/logo\/image\/"},"sameAs":["https:\/\/www.facebook.com\/packVerdeVerpackungen","https:\/\/www.linkedin.com\/company\/packverde\/"]}]}</script>
<!-- / Yoast SEO plugin. -->

[vc_row][vc_column][vc_column_text] Offenlegung gemäß ECG – packVerde Anschrift packVerde ein Geschäftsbereich der MEDEWO GmbHVertretungsberechtigt: Geschäftsführer Michael Villiger Endorferstraße 586167 AugsburgDeutschland Kontakt E-Mail: office@pack-verde.comInternet: www.pack-verde.com Rechtliches USt-IdNr.: DE 812 984 579 Registergericht: Amtsgericht AugsburgHandelsregister Registernummer: 27086 – Handelsregister Inhaltlich Verantwortlicher gemäß § 55 Rundfunkstaatsvertrag:Michael Villiger, Endorferstraße 5, 86167 Augsburg Infos, Datenauskünfte und Beschwerden richten Sie bitte an:&hellip;
